. Suppose -3*d = 3*q - 33, -9*d + 13*d + 2*q - 34 = 0. Is g(d) prime?
True
Suppose -64600 = -3*z - 6277. Is z a composite number?
False
Suppose -60*p + 57*p + 15 = 0, -3*w + 4*p + 707251 = 0. Is w prime?
False
Suppose -5550 - 9999 = -3*u. Suppose -4*h + u + 5405 = 0. Is h a prime number?
True
Let h(i) = -2*i - 40. Let b be h(-18). Let p be -3*((-855)/b - (-9)/(-12)). Let g = p - -1058. Is g a composite number?
False
Let i(z) be the third derivative of 2521*z**4/24 - 2*z**3/3 - 10*z**2 - z. Is i(1) prime?
False
Suppose -h + 8*c = 5*c - 17791, 53357 = 3*h - c. Is h a composite number?
True
Is ((-48168)/32)/(-27)*692 prime?
False
Let s be 0*2/4 + 88. Suppose -22*q - 46*q = 56*q - 50220. Let l = q + s. Is l composite?
True
Let b = -57 + 57. Suppose 4*c + 5*s = 3529, 5*c - 2*s + 0*s - 4436 = b. Suppose 579 + c = 5*r. Is r a composite number?
False
Let m = 16170 + -10379. Is m a composite number?
False
Let r(u) = -u**3 + 15*u**2. Let o be r(15). Let c be 0 - o - 0 - (0 + -3). Suppose c*s + 3*n - 1647 = 0, -4*n + 2*n - 1118 = -2*s. Is s prime?
False
Let y be 3 + -5*(-1 - (-3 + 3)). Suppose 0*h + 4*h - y = 0. Suppose -3*m - 2*m + 6426 = -x, 5138 = 4*m + h*x. Is m a composite number?
True
Let s(x) = 15915*x**3 + 3*x**2 + 6*x - 1. Is s(2) prime?
True
Let c be (-6)/(-21) + (-7150)/(-14). Suppose 0 = o - 3*o - 10, -4*o = m - c. Suppose -2*d + 0*d + 5*b = -m, -4*d = -2*b - 1054. Is d prime?
True
Let x be 180*((-8)/(-10))/2. Suppose -2*c + x = -418. Suppose 59 = -2*q + c. Is q a composite number?
True
Let l(s) be the third derivative of -1/2*s**3 + 0 + 0*s + 1/15*s**5 - 1/6*s**4 + 38*s**2 + 1/60*s**6. Is l(7) a composite number?
True
Let s = -20282 - -97519. Is s prime?
True
Let u(h) = -4*h + 27. Let b be u(5). Suppose -y - 7 = -b. Suppose y*g - 4*g + 3628 = 0. Is g prime?
True
Let v = -1390 - -2206. Suppose -g - 3*s = -343, -2479 = -5*g - 2*s - v. Is g a composite number?
False
Suppose -142 = 14*d - 30. Let i(c) be the third derivative of -c**6/40 + c**5/60 - c**4/3 - 7*c**3/6 + 6*c**2. Is i(d) composite?
False
Suppose -39*d = -38*d - 3. Suppose -3*w + 5898 = d*w. Let h = w + -534. Is h a composite number?
False
Let y(z) = 77*z**2 - 1579*z - 17. Is y(-39) prime?
True
Let k(t) = 4*t - 39. Let s be k(11). Let h be ((-68)/s)/((-8)/20)*-10. Let l = 193 - h. Is l composite?
True
Let h = 420 - 227. Suppose 25231 = -170*o + h*o. Is o composite?
False
Let n = 347 + -341. Is (n - 30339/(-3)) + 4 composite?
True
Is 6 - (2072417/(-3) - -4*6/36) a prime number?
False
Let p(u) = 86246*u**2 + 198*u + 3. Is p(1) a composite number?
True
Suppose -143*v + 5531811 = 4*k - 148*v, 3*k + 3*v - 4148892 = 0. Is k composite?
False
Suppose -3*k = p - 23, -2*p - 11 + 27 = k. Is -4*k/(-12)*45842/4 a prime number?
True
Let g(j) = -205*j**3 - 89*j**2 + 26*j + 5. Is g(-7) composite?
False
Let g = -74 + 76. Is 1 + g/4 - 2973/(-6) composite?
True
Let w be 12/54 - (-7)/9 - -24. Suppose o = -4*o + w, -3*o + 19 = f. Suppose -f*v - 6252 = -4*l, 3*l = -2*v - 2*v + 4717. Is l a composite number?
False
Let a(z) = 638*z**2 - 11*z + 2. Let n be a(-5). Suppose -16*s + 11*s = 4*g - n, -s - 4*g + 3195 = 0. Is s prime?
True
Suppose -1013*d + 1025*d = 3446232. Is d prime?
False
Let a be (0 - (-2)/(4 + -2))*239. Let d = a - -7127. Let z = d - 3959. Is z prime?
True
Let i(x) = -16*x + 41. Let w = -229 - -217. Is i(w) prime?
True
Let h = -70123 - -129372. Is h prime?
False
Let x = -451243 + 633494. Is x a prime number?
False
Suppose 4*y + 6*y = 120. Suppose y*b = b + 19921. Is b a prime number?
True
Let d = 9215 + 6912. Is d a composite number?
False
Suppose -111*s + 91200526 = 95*s. Is s a prime number?
True
Let v = 671783 + -85456. Is v prime?
False
Let v(p) = 4*p**3 - 11*p**2 + 8*p + 3. Let u(f) = -12*f**3 + 32*f**2 - 23*f - 9. Let x(w) = -4*u(w) - 11*v(w). Let d = -627 + 631. Is x(d) prime?
True
Let y = 3761 - -1376. Suppose -4*q = -a - 6039 - y, -a = -5*q + 13970. Let r = q + -1539. Is r a composite number?
True
Suppose 26*h - 22*h - 44 = 0. Let g = 36 - h. Suppose 21*m + 212 = g*m. Is m composite?
False
Let n = 720221 + -191970. Is n a prime number?
False
Let s = 204 + -175. Suppose 30*w = s*w + 3353. Is w a prime number?
False
Suppose 0 = -2*w + 10 - 4. Let p(j) = -3 - 3 - 3*j**w + 15*j**3 + 3 + 4*j. Is p(4) composite?
True
Suppose -5394*m + 5427*m - 979539 = 0. Is m composite?
False
Let f = -14659 + 30752. Suppose 4*r + f = 1061. Is (-87)/(-27) + -3 - r/18 a composite number?
True
Let s(l) = 117*l**2 - 12*l + 42. Is s(-9) prime?
False
Let m be (-2570)/6 - (-4)/(-6). Let k(p) = 76*p**2 - 129*p - 8. Let b be k(4). Let w = b + m. Is w composite?
False
Suppose -3*m = -4*p + 753, 129*p - 132*p - 1197 = 5*m. Let w be ((-181)/3)/(1/6). Let q = m - w. Is q a prime number?
False
Let g = 112 - 110. Suppose g*s - s + 5*k - 1854 = 0, -2*s - k + 3663 = 0. Is s prime?
False
Let i be ((-21)/(-9))/(6 - 36625/6105). Let k = i - 1656. Is k a prime number?
True
Let i be (-503)/(44/(-46) + 1). Let v = i + 16403. Is v prime?
False
Suppose 48483 - 2010643 = -20*h. Suppose 6*m - h + 18806 = 0. Is m a composite number?
False
Suppose 150 = -3*h - h - 2*a, -4*a = 2*h + 60. Is (-1*22/1)/(h/6220) a prime number?
False
Is (-5 + ((-10)/(-5) - 2542/(-3)))*3 composite?
True
Let f(l) = -l**2 + l - 2. Let v(m) = -m**3 + 30*m**2 + 28*m - 13. Let h(i) = 4*f(i) - v(i). Is h(36) a prime number?
True
Let r = -31 - -45. Let j(y) = 39*y - 47. Let l(w) = 119*w - 140. Let t(h) = -17*j(h) + 6*l(h). Is t(r) composite?
False
Suppose -26*p - 23804 = -30*p. Let x = p + -537. Is x prime?
False
Suppose 11*t - 163812 = 567809. Is t a composite number?
True
Let a be (-5)/(-2)*(-4)/(-2) + -2. Suppose -a*s + 5707 = w, -12*s - 3*w + 1913 = -11*s. Is s composite?
False
Is -6 - (66/(-77) - (-26)/14)*-6547 composite?
True
Suppose -171*c + 86*c + 65*c + 2837180 = 0. Is c prime?
False
Suppose 0 = -2*m + 2*j + 157536, -36*m + 3*j = -31*m - 393850. Is m a composite number?
True
Suppose 3586*w - 3571*w = 951411 + 42354. Is w composite?
True
Suppose 70 = -43*f + 50*f. Suppose -49239 = y - f*y. Is y composite?
False
Let v be (-10142)/(-12) - ((-248)/(-48) + -5). Suppose 0 = -u - 2*d + 780, -715 = -2*u + 5*d + v. Let l = u + -386. Is l a prime number?
False
Let s = -29686 - -45177. Is s composite?
True
Let v be -1*(3/1 + -2)*-14. Let r(w) be the first derivative of 71*w**2/2 - 21*w + 4. Is r(v) a composite number?
True
Let v(s) = 1030*s + 761. Is v(5) a prime number?
False
Let j(n) = -n**3 + 8*n**2 - 6*n + 17. Let w be j(7). Suppose w*x - 33036 - 879324 = 0. Is x composite?
True
Suppose 32615 - 6149767 = -16*l. Is l prime?
False
Suppose -40*w + 1181838 = -1381802. Is w prime?
True
Let b(h) be the first derivative of 8*h**3/3 - 6*h**2 + 23*h - 1. Let y(x) = -3*x**3 + 49*x**2 - 15*x - 11. Let u be y(16). Is b(u) a composite number?
False
Let r(t) = t**2 - 6*t + 122. Suppose -14*f - 4 = -4. Is r(f) prime?
False
Suppose x = d + 12217, 0 = -2*x + d + 11701 + 12737. Let q = x - 6065. Suppose 205 = -11*o + q. Is o a composite number?
False
Suppose 3*x + 0*x - 207 = 0. Suppose 0 = -355*r + 352*r + 426. Let s = r + x. Is s composite?
False
Let g = -665091 + 962732. Suppose -9*x + g = 87842. Is x prime?
True
Let z(c) = -629*c**3 - c**2 - 16*c - 39. Let h be z(-5). Suppose 4*n + 42*g - 39*g - h = 0, -3*g - 3 = 0. Is n a prime number?
True
Let v(l) be the third derivative of -3*l**6/40 + l**5/20 + 7*l**4/24 + l**3/6 + 13*l**2. Let d be v(5). Let r = d + 3095. Is r a composite number?
False
Suppose 69 = 22*l - 19. Suppose -l*m + 889 = 9*h - 4*h, 5*m - 1107 = -2*h. Is m a prime number?
False
Suppose -4*p = -3*u + 16, -11*u = -16*u + 5*p + 20. Suppose -4*s + 9*s - 16945 = u. Is s composite?
False
Let c be 6/2 - (0 - 1). Suppose 160 + 516 = 4*t - c*u, -676 = -4*t + 2*u. Suppose -2*v + 157 = -t. Is v a composite number?
False
Let r = 13 - 1. Suppose r*s = 15*s. Suppose 2*k - h = 836, s = k + 4*k - h - 2093. Is k composite?
False
Let f = 51075 + 49052. Is f a prime number?
False
Suppose 4 = -2*i + 6. Let t(d) = -2319*d**2 + 2*d - 2. Let y be t(i). Let r = -1238 - y. Is r composite?
True
Suppose 9*s - 3*s = 78. Suppose s*i = 6*i + 21. Suppose 0 = 3*d + 5*w - 3132, -136 = -2*d - i*w + 1953. Is d a prime number?
True
Let x(b) = -18*b - 152. Let d be x(-9). Suppose 4*r - 178682